der when b(1) is divided by 17.
14
Let n = 7 + -11. Let h(p) = 3*p**2 + 2. What is the remainder when h(n) is divided by 17?
16
Let c be ((-188)/8)/((-2)/4). Suppose c = -3*w - 2*q, 3*q = -0*q - 3. Calculate the remainder when (-621)/w - (-4)/(-10) is divided by 14.
13
Let c(b) = 2*b**2 + 7*b + 3. Let x(s) = -46*s**2 - 1. Let l be x(1). Let j = l + 82. Calculate the remainder when j is divided by c(-5).
17
Let n(z) = -6*z - 4. Let m = -22 - -42. Let s = m + -9. What is the remainder when n(-4) is divided by s?
9
Let a(m) = m**3 + 19*m**2 + 23. Let x(r) = r**2 - r + 66. What is the remainder when x(0) is divided by a(-19)?
20
Let n(o) = 4*o**3 + 0*o**3 - o**2 - 3 - o - 3*o**3. What is the remainder when (-1 - -18)/((-1)/(-2)) is divided by n(3)?
10
What is the remainder when (-1 + (-8)/(-6))*(76 + -1) is divided by 13?
12
Let z = 1 + 2. Suppose -d + 4*d - 28 = -c, z*d + 142 = 4*c. What is the remainder when c is divided by (3/(-3))/(2/(-24))?
10
Let t = -114 + 211. Calculate the remainder when t is divided by 10.
7
Suppose 0 = 4*z + 16 - 80. Calculate the remainder when z is divided by 4.
0
Suppose z - u = -4*u + 56, z - u - 40 = 0. What is the remainder when z is divided by 19 + -3 - -2 - 3?
14
Let t(q) = q**2 + 10*q - 41. Suppose 2*g - 87 = -g. What is the remainder when g is divided by t(-14)?
14
Let n = -21 - -41. Calculate the remainder when 37 is divided by n.
17
Let i = 116 + -96. What is the remainder when 79 is divided by i?
19
Let s(g) = g**2 - 10*g + 31. Calculate the remainder when s(6) is divided by 6.
1
Let d = -1 - 6. Let w = d + 9. Calculate the remainder when w is divided by 4/(-14) - 48/(-21).
0
Let u(k) = -k**3 - 4*k**2 - 2*k - 4. Let o be u(-4). Let w be (-1)/(10/o + -3). Let m(x) = 4*x**2 - 2*x. Calculate the remainder when 34 is divided by m(w).
10
Let b = -40 + -50. Calculate the remainder when 46 is divided by ((-2)/(-5))/((-3)/b).
10
Let v(p) = p**3 - 2*p**2 - 5*p + 1. Calculate the remainder when 62 is divided by v(4).
10
Let s(t) = 7*t**2 + t - 1. Calculate the remainder when 25 is divided by s(1).
4
Let b be 5 + (2/(-1) - -1). Let m = 11 + b. Calculate the remainder when (-16)/6*(-132)/8 is divided by m.
14
Suppose 4*a = 3*g + 58, 54 = -3*a + 7*a - 5*g. Calculate the remainder when 27 is divided by a.
11
Suppose 0 = -v + 3*v - 8. Suppose -v*w + 132 = -2*w + 2*l, w - 5*l = 54. Calculate the remainder when w is divided by 17.
13
Let p(v) = -v + 2. Let g = -17 - -12. Calculate the remainder when 11 is divided by p(g).
4
Suppose 0 = -w + 3*w - 34. Let q = 3 - -6. What is the remainder when w is divided by q?
8
Let m(l) = l. Calculate the remainder when 7 is divided by m(4).
3
Let b(h) = h**2 - h - 3. Let g be b(3). Let o(f) = 9*f - 7. What is the remainder when 77 is divided by o(g)?
17
Suppose 2*d + 49 = 9*d. Calculate the remainder when 47 is divided by d.
5
Suppose -9*f = -14*f + 90. Calculate the remainder when 69 is divided by f.
15
Let f be 4 + 0*(-2)/(-4). Suppose 5*z - f*m - 29 = -5*m, -3*z = -5*m + 5. Suppose z*y - 54 = 2*y. Calculate the remainder when y is divided by 10.
8
Let h(i) = -i - 4. Let f(s) = -s**3 + s**2 + s + 16. Calculate the remainder when f(0) is divided by h(-9).
1
Let s be (-120)/(-9)*(-2 - 1). Let m = s - -73. Suppose 0 = -2*w, -6*w + 68 = 4*y - 2*w. What is the remainder when m is divided by y?
16
Calculate the remainder when 174 is divided by ((-7)/(8 + -1))/(1/(-25)).
24
Let t(x) = 4*x + 2*x - x. Calculate the remainder when 57 is divided by t(4).
17
Let t(b) = -b**3 - 10*b**2 + 17. Calculate the remainder when 100 is divided by t(-10).
15
Suppose -9*f + 378 = -3*f. What is the remainder when f is divided by 16?
15
Let m(v) = 19*v - 2. What is the remainder when 63/2 + (-2)/(-4) is divided by m(1)?
15
Calculate the remainder when (-1)/(-5) + (-1476)/(-45) is divided by 19.
14
Suppose 5*d = 2*m + 30, 0*d + 5*d - 30 = -4*m. Let b(z) = z**3 - 6*z**2 + 2*z + 1. Calculate the remainder when 24 is divided by b(d).
11
Suppose 50 = -11*z + 6*z - p, -p - 23 = 2*z. Let k be 1 + z/(1 + -4). Let b = k - -40. Calculate the remainder when b is divided by 15.
14
Suppose b + 4 + 0 = -h, 3*h + 12 = -4*b. Suppose b*q - 295 = 5*q. Let l = 2 - q. Calculate the remainder when l is divided by 21.
19
Let k be (8*2)/(2/8). Let v = 7 - 5. Suppose 0*o - o = -v*g - 21, -4*o = -4*g - k. Calculate the remainder when o is divided by 4.
3
Suppose a - d = -5*d - 10, 3*a = -2*d. Let o(m) = 4*m**2 + 10*m**2 - 15*m**2 - 6*m + 1. What is the remainder when a is divided by o(-6)?
0
Let p be 1 + (-2 - 1) - -6. Suppose 3*y - 3*z + 1 = 5*y, -4*z = p. Let w(s) = -s**3 + 7*s**2 - 6*s + 2. Calculate the remainder when w(6) is divided by y.
0
Let c(i) = -i**2 - 4*i + 1. Let z be c(-3). Suppose z*b = -4 + 16. Suppose s - 15 = -4*h, -13 = -h + b*s + 7. Calculate the remainder when 13 is divided by h.
3
Suppose 5*o - 35 = -5*d, 3*o + 2*o = 2*d. Let f(v) = v - 5. Let k be f(d). Suppose 3*x + 9 - 27 = k. Calculate the remainder when 11 is divided by x.
5
Suppose 2*f - 9 = -3. Let i(d) = 3*d**2 - 3*d + 2. Let j be i(2). Suppose -32 = -3*z - j. What is the remainder when z is divided by f?
2
Let w(x) be the second derivative of x**4/4 + 4*x**3/3 - 2*x**2 - 7*x. Suppose 0 = -m + 2*m - 16. What is the remainder when w(-5) is divided by m?
15
Suppose -18 + 12 = -2*o. Suppose o = 3*f + 5*k - 2*k, 4*k + 4 = 0. Suppose -5 = -2*l - 1. What is the remainder when l is divided by f?
0
Suppose 0 = -4*s + 2*u - 8, u = 3*s - 4*u - 1. Let g = s + 11. What is the remainder when 14 is divided by g?
6
Let z = 3 + -6. What is the remainder when 26 is divided by (-18)/(z + 1)*1?
8
Let k(h) = -h**2 - 13*h + 20. What is the remainder when k(-11) is divided by 12?
6
Let h = 0 - 0. Suppose -i - 4*i + 190 = h. What is the remainder when i is divided by 20?
18
Suppose 0 = -2*w + 4*w. Suppose w = n + 2*n - 45. Suppose -3*j = -0*j - 129. What is the remainder when j is divided by n?
13
Suppose -3*u + 26 = -5*y, -5*y - 10 = u + 28. Suppose -3*k - 11 = -41. Let r = y + k. What is the remainder when r is divided by 2?
1
Suppose -u = -2*u + 5. Let k = -3 - 0. Let p = k + u. Calculate the remainder when p is divided by 1.
0
Let w = 9 + -4. Suppose 2*u - 495 = -u + w*f, f = -3. Suppose -6*s + 2*s + u = 0. Calculate the remainder when s is divided by 14.
12
Let a(g) = -g**3 + 6*g**2 - 3*g - 3. Suppose -5*u + 48 = -5*t - 27, -107 = -5*u - 3*t. Calculate the remainder when u is divided by a(5).
5
Let s(y) = 2*y**2 - 5*y + 1 + 2 - 1. Calculate the remainder when s(4) is divided by (-7)/((-14)/(-6)) - -7.
2
What is the remainder when 61 is divided by (-1)/(-5)*-2 + (-261)/(-15)?
10
Let j(n) = 7*n - 43. Calculate the remainder when 33 is divided by j(7).
3
Let g(x) = 20*x - 6. What is the remainder when g(3) is divided by 19?
16
Suppose 3*h = 0, 6*c - 2*c + 3*h - 192 = 0. Suppose 2*j = -5*z + 16 + c, -3*j = 4*z - 47. Let v = -6 + 11. What is the remainder when z is divided by v?
4
Let h be (-1)/(-4) + 1266/24. Suppose -2*g + h + 41 = 0. Calculate the remainder when g is divided by 12.
11
Suppose 4*w + 16 = 5*w. Suppose a + 3*j - 6 = -0*j, 2*a - 12 = j. Calculate the remainder when w is divided by a.
4
Suppose 4*s + 8 = -0*l + 5*l, -4*s + 12 = 0. What is the remainder when 5 is divided by l?
1
What is the remainder when 141 is divided by ((-9)/2)/((-2)/16)?
33
Let c be 14/8 - (-2)/8. Let j = 1 + 18. What is the remainder when c/(-2) + 1 + 56 is divided by j?
18
What is the remainder when (-6 + -3)*38/(-6) is divided by 30?
27
Let u be (1 - 1)/1 + 4. Suppose -7*b = -u*b - 9. Let c = b - -7. Calculate the remainder when 28 is divided by c.
8
Let q(v) = 3*v + 51. Calculate the remainder when q(-6) is divided by 12.
9
Calculate the remainder when -22*(-69)/9 - 5/(-15) is divided by 34.
33
Let w(q) = -q**3 + 11*q**2 - 6*q - 4. What is the remainder when 70 is divided by w(10)?
34
Suppose 5*d - 166 = 254. Calculate the remainder when d is divided by 17.
16
Let p(t) = -t + 2. Let f be p(-5). Let h(g) = -g**2 + 9*g - 1. Calculate the remainder when h(f) is divided by 7.
6
Suppose 0 = -0*o + o - 9. Let x = 2 + 2. Suppose -4 = x*k - 104. Calculate the remainder when k is divided by o.
7
Let y = 0 + 2. Let l(p) be the second derivative of 2*p**4/3 - p**3/6 - p**2 + 4*p. What is the re